Let p = -12 - -15. Suppose -4 = p*g - 16. Calculate the remainder when 12*(140/16 - g) is divided by 30.
27
Suppose -5*p - 2*y + 18 = 0, -3*p - 3*y + 6 = -3. Let j = p + 18. What is the remainder when 349 is divided by j?
19
Suppose -219*z + 78*z = -4371. What is the remainder when 8368 is divided by z?
29
Let i = 216 - 196. Suppose -3*j + 21 = -3*o, 6*o = -2*j + 3*o - 1. Suppose -j*x + 49 = 3*x. What is the remainder when i is divided by x?
6
Suppose -3*w = -w - 6, -5*u + 2*w + 159 = 0. Suppose 14 = 4*v + 6, -3*s + v - 932 = 0. What is the remainder when u is divided by (-8)/36 + s/(-18)?
16
Suppose 10*r - 12*r + 5 = z, r - 2*z - 10 = 0. Suppose 95 = 2*d + s, r*d - s - 199 = -0*s. What is the remainder when 830 is divided by d?
46
Suppose 4*l = -0*l - 344. Let a = l - -166. What is the remainder when a is divided by 9?
8
Suppose 13*y - 33 = 2*y. Suppose y*a = 2*l + 4*a - 13, -3*a = -2*l + 1. Suppose 0 = -4*o + 7 + 5. What is the remainder when l is divided by o?
2
Let w(k) = k**2 + 8*k + 7. Let h be w(-7). Suppose 27 = 3*v - h. What is the remainder when (-8 - 24)/(2*(-4 + 3)) is divided by v?
7
Let j(v) = 100*v + 118*v - 26 + 112*v - v**2 - 307*v. Calculate the remainder when 189 is divided by j(21).
13
Suppose -2*c + 4*h = 138, 0 = -5*h + 9 + 1. What is the remainder when 1037/5 + 26/c is divided by 52?
51
Let n(d) = 719*d + 3997. What is the remainder when n(-5) is divided by 336?
66
Suppose -r - 3*z - 8 = 4*r, -3*z + 20 = -2*r. What is the remainder when 42 is divided by -3 + (-2 - -5 - r)?
2
Suppose -4*q = -0*q - 1228. Suppose -978*k + 12930 + 17388 = 0. Calculate the remainder when q is divided by k.
28
What is the remainder when 6203 is divided by 1 + 5 + -9 - (-2 - 0 - 142)?
140
Let s = 10138 + -9726. Let j = -26 + 85. What is the remainder when s is divided by j?
58
Suppose -2*h + 534 = 22. Calculate the remainder when h is divided by 17.
1
Suppose -h - 4 = -2*z, z + 4*h - 2*h = 12. Let o(u) = -u**2 + 5*u + 9. What is the remainder when 61 is divided by o(z)?
9
Suppose 571 = 4*u - 105*j + 108*j, -2*u - 4*j + 278 = 0. What is the remainder when 722 is divided by u?
142
Let v be 1082/5 - (-4)/(-10). Suppose 21*p = 12*p + v. Calculate the remainder when 18/12*(0 + 46) is divided by p.
21
Let t(q) = -q**2 + 6*q - 34. Suppose 0 = -4*x - 8, 5*s + 2*x - 46 = 10. Let o be t(s). Let y = 201 + o. Calculate the remainder when y is divided by 16.
15
Let l = -6 + 38. Suppose -3*y - l = -5*y. Suppose 0 = 5*h - 3*h - 62. Calculate the remainder when h is divided by y.
15
Suppose -6*m - 35*x + 64*x = 26*x - 336, -8 = -x. What is the remainder when (3/(-9))/(1/(-699)) is divided by m?
53
Let a(u) = 1382*u**2 + 32*u + 32. Calculate the remainder when a(-1) is divided by 21.
17
Let a = 7645 - 2512. What is the remainder when a is divided by 151?
150
Let g be 2/4*(-132)/11 - 1. Let x be (g/(-14))/((6/(-92))/(-3)). Let f(h) = -h**2 + 22*h + 27. What is the remainder when 19 is divided by f(x)?
3
Let i = -23389 - -23524. What is the remainder when i is divided by 27?
0
Suppose -5*x - 5193 = -3*k + 5519, -2*x = 2. Calculate the remainder when k is divided by 188.
185
Suppose -4*c + 248 = 4*h, 0 = 5*c + 2*h - 260 - 59. Calculate the remainder when c is divided by ((-28)/6)/((-2 - -12)/(-60)).
9
Suppose 3*x - 4*x = -36. Suppose 5*i + x = -3*s, i = -i. What is the remainder when 9/s - 119/(-4) is divided by 17?
12
Suppose 0 = -28*m - 289*m - 4*m + 254232. Calculate the remainder when m is divided by 256.
24
Let d = -25 + 33. Let l(n) = n - 4. Let s be l(d). Suppose s*r - 120 = 4*x + 216, -5*x = -3*r + 262. What is the remainder when r is divided by 20?
19
Let u = -5650 + 5663. Calculate the remainder when 2714 is divided by u.
10
Let u = -71 - -73. Suppose 0 = m + 5*j - 3 - 5, -2*j + 32 = u*m. Suppose -3*y + 2*x + 38 = -6, x - m = -y. What is the remainder when 124 is divided by y?
12
Suppose -18434 = -10*v + 6716. What is the remainder when v is divided by 28?
23
Let y = -1442 - -1509. Calculate the remainder when y is divided by 65.
2
Let a = -6 - -9. Suppose 3*h = 5*p + 152, 0 = 4*h + 25*p - 24*p - 218. Suppose a*b - h = 21. Calculate the remainder when 49 is divided by b.
24
Suppose 70 = 4*j - j - l, 4*j - 2*l = 96. Calculate the remainder when 2264 is divided by j.
20
Let g = -9 - -113. Let i = 741 - g. Suppose 0 = 3*w + 4*w - i. What is the remainder when w is divided by 31?
29
Let y(n) = -2*n**2 - 3*n + 21. Let l be y(0). Suppose 21*w = 18*w + l. What is the remainder when w/(35/440) + 1*-3 is divided by 29?
27
Suppose 4*c - 67 = -2*g + 131, -9*g = -4*c - 715. What is the remainder when 995 is divided by g?
82
Let g = 1516 + -1506. Suppose -1 - 157 = -2*r. What is the remainder when r is divided by g?
9
Let l(x) = -x**3 - 57*x**2 - 15*x + 74. Calculate the remainder when l(-57) is divided by 54.
11
Suppose 0 = -l - 2*g + 21, -5*l = -g + 2 - 151. Suppose -23*c = -24*c + 4*t + 269, t = -4*c + 1025. What is the remainder when c is divided by l?
25
What is the remainder when ((-29830)/(-140) - 9) + (-2)/28 is divided by 12?
0
Let j = 1004 + -700. Calculate the remainder when j is divided by 8.
0
Suppose 0 = 2*y + 3*y - 15. Suppose y*j = -3 + 12. Let r = 348 - 342. What is the remainder when r is divided by j?
0
Suppose 50 = x + 4*x. Let g = 102 - 73. Suppose -2*h + 25 = -g. Calculate the remainder when h is divided by x.
7
Calculate the remainder when 442 is divided by 4/7 - 6004/(-28).
12
Let r(g) = -g**2 - 79*g - 1535. What is the remainder when 4957 is divided by r(-42)?
17
Suppose 3*a = 2*a + 3. Let n(b) = 0 + 7 + b - 2. Calculate the remainder when 30 is divided by n(a).
6
Let o be (6/(-4))/3*(-36)/(-9). Calculate the remainder when (-5)/o*68/5 is divided by 25.
9
Suppose -f = 6*r - r + 207, 0 = -4*r + f - 162. What is the remainder when 177 is divided by r/82 - (-182)/4?
42
Let m(w) = w**3 - 7*w**2 + 6*w + 6. Let k be m(6). Suppose -k = -13*g + 150. Calculate the remainder when 21 is divided by g.
9
Let m(d) be the second derivative of -31*d**3/6 + 47*d**2 - 159*d. Calculate the remainder when m(-4) is divided by 73.
72
Let g(t) = t**2 + 6*t + 12. Let q be g(-12). Suppose -y - y = -q. Calculate the remainder when 58/29 + 123 + 0 is divided by y.
41
Let x be 2*((-18)/(-1) + 1). Let t = 79 + x. Suppose 8*d - 35 = t. Calculate the remainder when d is divided by 12.
7
Suppose 0 = 3*o - 3*r - 1136 - 5881, 0 = r - 1. Suppose -423*x + 428*x - o = 0. Calculate the remainder when x is divided by 47.
45
Suppose w = 5*i + 60, 3*w - 56 = 5*i + 84. Calculate the remainder when (-2216)/24*3/2*-2 is divided by w.
37
Let r = -3355 - -3450. What is the remainder when r is divided by 32?
31
Let t be (-33)/(-12) - -3 - (-6)/24. Let u(r) = r + 34. What is the remainder when u(t) is divided by 15?
10
Let i = -4179 + 4185. Calculate the remainder when 3339 is divided by i.
3
Let r be (-892)/12 + (6/(-9) - 0). Let c = r - -102. Calculate the remainder when 50 is divided by c.
23
Calculate the remainder when 18/(-10)*455/546*-462 is divided by 21.
0
Let t(j) = j**3 + 14*j**2 - 48*j + 36. Let p be t(-15). Let r = p - 482. What is the remainder when 488 is divided by r?
47
What is the remainder when 2238 is divided by 54/135*-5*(-1 - 13)?
26
Let a be 1/(85/(-15) - -6). Suppose -9*t - 36 = -3*l - 4*t, 0 = -l + a*t + 16. Calculate the remainder when 18 is divided by l.
4
Let r(i) = i**3 - 46*i**2 - 2*i + 850. Calculate the remainder when r(0) is divided by 141.
4
Let z(k) = k**3 + 7*k**2 - 2*k - 8. Let m be 0*((-30)/(-9) + -3). Calculate the remainder when (-3 - -13)*(6/3 + m) is divided by z(-7).
2
Suppose 8*w + 7303 = 26439. Calculate the remainder when w is divided by 42.
40
Suppose -3*o + 46 = 139. Let k(c) = -6*c - 122. What is the remainder when k(o) is divided by 22?
20
Suppose -64*h - 1047 = -2367 - 2008. Calculate the remainder when 682 is divided by h.
6
Let h(b) = 0*b - 4*b + 3*b + 25 - 30 + 3*b**3 + 2*b**2. What is the remainder when h(3) is divided by 20?
11
Let x = -21 - -37. Let a(j) = 9*j - 56. What is the remainder when 966 is divided by a(x)?
86
Let y(k) = -5*k**3 - 340*k**2 - 14*k + 54. What is the remainder when y(-68) is divided by 19?
18
Let t(b) = -10*b**3 + b**2 - 250*b - 737. What is the remainder when t(-3) is divided by 20?
12
Let n(h) = 2*h**2 +